 what is -2811 + -1170?
-4081
In base 5, what is 1444211 + -1?
1444210
In base 4, what is -303 + -13100?
-20003
In base 4, what is -113031332312 - 3?
-113031332321
In base 6, what is -3534 + -32?
-4010
In base 4, what is -21 + -11133?
-11220
In base 3, what is 12020 + -2020?
10000
In base 16, what is 270d - -5?
2712
In base 16, what is 5cc + -18?
5b4
In base 14, what is a99 + -69d?
3da
In base 14, what is d + 12bc?
12cb
In base 16, what is 1668c8 + 3?
1668cb
In base 11, what is -26414 - 2?
-26416
In base 7, what is 26605 - 15?
26560
In base 3, what is 111 - -2112010?
2112121
In base 5, what is -1 - -1140111?
1140110
In base 13, what is c33a8 - -4?
c33ac
In base 16, what is 8ea0 - 0?
8ea0
In base 2, what is -110100 - -11001100?
10011000
In base 11, what is -30186 - 5?
-30190
In base 5, what is -1 - 31104111?
-31104112
In base 2, what is -101001101010 - -1001111100?
-11111101110
In base 5, what is -123441 + -3?
-123444
In base 8, what is -6 - -134154?
134146
In base 10, what is -71 + -6375?
-6446
In base 10, what is -36 - 23523?
-23559
In base 13, what is -626 - -9?
-61a
In base 5, what is -42220 + 20200?
-22020
In base 11, what is 28491 - -2?
28493
In base 2, what is -1110100 + -10?
-1110110
In base 5, what is -444 + 20?
-424
In base 14, what is 29c327 - 4?
29c323
In base 11, what is -1456 - 1?
-1457
In base 14, what is -11 - 3b4d?
-3b60
In base 12, what is 78 - -206a?
2126
In base 3, what is -22112 + 112?
-22000
In base 10, what is 203625 - 8?
203617
In base 7, what is -2 + -53101?
-53103
In base 3, what is 202 + -10112200202?
-10112200000
In base 11, what is -1963 + 5a9?
-1365
In base 14, what is 2a + -18a?
-160
In base 2, what is -10100 + 10001110101001110?
10001110100111010
In base 4, what is 3232 + -222?
3010
In base 14, what is 6 + 28d3b?
28d43
In base 13, what is 18263 - 18?
18248
In base 5, what is 123423000 - 2?
123422443
In base 4, what is -312003112 + 2?
-312003110
In base 8, what is 4 + -1553223?
-1553217
In base 4, what is 2113222 - 11?
2113211
In base 4, what is -22003323 + -1101?
-22011030
In base 4, what is 213 + 13221?
20100
In base 9, what is 86672 - -1?
86673
In base 5, what is -1143222001 + -2?
-1143222003
In base 2, what is -100001010001110000011 - -10?
-100001010001110000001
In base 7, what is -1035 + 21442?
20404
In base 6, what is -300315 - 43?
-300402
In base 12, what is 3ba0 - 42?
3b5a
In base 3, what is 2002021101022 + -1?
2002021101021
In base 7, what is -312 - 453?
-1065
In base 7, what is -223 + 415?
162
In base 15, what is -34 - 3e4?
-428
In base 8, what is -613 + 1424?
611
In base 15, what is 26aca + 0?
26aca
In base 12, what is 33 + 24b?
282
In base 13, what is -364b - 2?
-3650
In base 8, what is 0 + 22513?
22513
In base 5, what is -31 - -211103?
211022
In base 12, what is -a53a - 1?
-a53b
In base 10, what is -1293 + 556?
-737
In base 7, what is -2 - -15613?
15611
In base 5, what is -244 - 441?
-1240
In base 6, what is 5 - -504355?
504404
In base 6, what is -3444513 + -2?
-3444515
In base 11, what is -3 + 1077a80?
1077a78
In base 16, what is -3 + -20e0?
-20e3
In base 10, what is 64382 - -24?
64406
In base 16, what is 45332 - -1?
45333
In base 16, what is 197e + 4a?
19c8
In base 5, what is 422 + -1330?
-403
In base 13, what is -1 + 20701?
20700
In base 2, what is 1011000000 - -10101011?
1101101011
In base 15, what is -798d + -1d?
-79ab
In base 10, what is 7 - -55099?
55106
In base 3, what is 122102 - 1210111?
-1011002
In base 6, what is -423 - -1345?
522
In base 12, what is 2987 - 130?
2857
In base 8, what is -65 + -51321?
-51406
In base 6, what is -10450143 - -2?
-10450141
In base 8, what is 27 + -122676?
-122647
In base 11, what is -4 - -4914?
4910
In base 4, what is 13210330 + 103?
13211033
In base 15, what is 7c5c - 5?
7c57
In base 9, what is 22680 - -78?
22768
In base 5, what is 2 + 1441323?
1441330
In base 2, what is -101 + 1111001010010?
1111001001101
In base 6, what is -123455 + -13?
-123512
In base 16, what is -3c6e - 0?
-3c6e
In base 13, what is -1 + 1a126a?
1a1269
In base 12, what is -121 - -1bb5?
1a94
In base 4, what is 133 + 12121311?
12122110
In base 6, what is -3535 - -405?
-3130
In base 5, what is -14343 + 321?
-14022
In base 10, what is 5 - 310404?
-310399
In base 13, what is -2b - -531?
503
In base 12, what is -1a4b + 2b8?
-1753
In base 14, what is 1c2a + 1?
1c2b
In base 8, what is -3 - -747540?
747535
In base 7, what is 116156 - 32?
116124
In base 11, what is 7a - 839?
-76a
In base 12, what is 2 - 167118?
-167116
In base 7, what is -56116 - -1?
-56115
In base 16, what is f + -411?
-402
In base 2, what is -1001011110001 + 1001?
-1001011101000
In base 7, what is 114523 + 1?
114524
In base 12, what is -16ba + -12?
-1710
In base 6, what is 132453 + 240?
133133
In base 3, what is -22122202 - 0?
-22122202
In base 7, what is -14061525 + 3?
-14061522
In base 6, what is 4 - -2152151?
2152155
In base 14, what is 4 - 1bc6?
-1bc2
In base 3, what is -11212102021212 - 0?
-11212102021212
In base 13, what is -1634 - -57c?
-1085
In base 8, what is -1 + -3106?
-3107
In base 5, what is 1433434143 + 3?
1433434201
In base 5, what is -4 - 3034?
-3043
In base 10, what is -56 - -8173?
8117
In base 8, what is 4 - -77020?
77024
In base 11, what is -631 + -56a?
-10a0
In base 12, what is 8 - -1623?
162b
In base 6, what is 4 + -1141421?
-1141413
In base 6, what is 2 - 11023121?
-11023115
In base 13, what is 84b67 - -3?
84b6a
In base 2, what is 1101010100101000 - 10001?
1101010100010111
In base 14, what is -12b156 - 4?
-12b15a
In base 11, what is 2a55 + -20?
2a35
In base 10, what is -216116 - 5?
-216121
In base 4, what is 0 - 323030?
-323030
In base 16, what is 136 - 53e?
-408
In base 9, what is 108024 + 1?
108025
In base 11, what is -48 + -72a?
-777
In base 10, what is -11 + -23594?
-23605
In base 6, what is -5 + -1355353?
-1355402
In base 5, what is -1240204 + 2?
-1240202
In base 15, what is 9b - 19a?
-ee
In base 7, what is 46544 + -501?
46043
In base 4, what is 100310323 - -10?
100310333
In base 9, what is -18321 + 2?
-18318
In base 2, what is -1 + -101000000101011?
-101000000101100
In base 4, what is -1312202 - 3110?
-1321312
In base 15, what is 24c - -357?
5a4
In base 16, what is 28 - fcb?
-fa3
In base 15, what is 2d5649 - 3?
2d5646
In base 15, what is -14ce - -2a1?
-122d
In base 14, what is 4d120 + 0?
4d120
In base 9, what is 65 - -27244?
27320
In base 9, what is -11 - -325813?
325802
In base 4, what is 21222323 - 332?
21221331
In base 5, what is 20040 + -242?
14243
In base 9, what is -1841 - -144?
-1686
In base 4, what is 1330 + 1032211?
1100201
In base 2, what is 10111100101000100011 - 101?
10111100101000011110
In base 7, what is -31161 - 36?
-31230
In base 9, what is 353 + 20?
373
In base 10, what is 6174 + 0?
6174
In base 15, what is -1da0b2 - 5?
-1da0b7
In base 11, what is -1 - 23198?
-23199
In base 3, what is 1 - -11200012200?
11200012201
In base 2, what is -11000001100110110 - 101?
-11000001100111011
In base 8, what is 32 - -76041?
76073
In base 12, what is -26620 - -1b?
-26601
In base 10, what is 229110 - -4?
229114
In base 15, what is -6 + -48636?
-4863c
In base 3, what is 11102201 + 20220?
11200121
In base 6, what is -111 + 52101?
51550
In base 6, what is -1 - -522034?
522033
In base 7, what is 20 + -5554?
-5534
In base 11, what is -100511 - -4?
-100508
In base 10, what is 588 - 830?
-242
In base 15, what is 8 - 13437?
-1342e
In base 8, what is -3 - 61113?
-61116
In base 9, what is 20 + -272337?
-272317
In base 16, what is -4 + -3b50?
-3b54
In base 9, what is 10 + -37475?
-37465
In base 5, what is 1113 + 2041?
3204
In base 2, what is -1110000 + -1100?
-1111100
In base 16, what is 645 - be?
587
In base 11, what is -49 + 227?
189
In base 12, what is 1 + -665b?
-665a
In base 7, what is 413 - -121?
534
In base 10, what is 11 + 54907?
54918
In base 5, what is -11 - -203312040?
203312024
In base 8, what is 125 - -11647?
11774
In base 3, what is -222012 + 11?
-222001
In base 14, what is 7a - -20d?
289
In base 7, what is -3512 - 2?
-3514
In base 7, what is -30106225 + 1?
-30106224
In base 3, what is -12011 + 1020?
-10221
In base 12, what is 3 + 1b6a6?
1b6a9
In base 8, what is 577254 + -3?
577251
In base 7, what is 306 - -5650?
6256
In base 7, what is 0 + 11445?
11445
In base 2, what is 0 + -100010000101000?
-10